1011
Convert -4 (base 16) to base 11.
-4
What is -114 (base 6) in base 4?
-232
-10 (base 3) to base 15
-3
1 (base 4) to base 2
1
63 (base 9) to base 4
321
122 (base 3) to base 15
12
Convert -7 (base 12) to base 4.
-13
Convert 0 (base 4) to base 15.
0
41 (base 5) to base 13
18
What is 3 (base 12) in base 14?
3
22 (base 5) to base 4
30
Convert -3 (base 6) to base 9.
-3
Convert 30 (base 14) to base 8.
52
-25 (base 9) to base 15
-18
What is 2203 (base 5) in base 11?
256
33 (base 4) to base 2
1111
Convert -1300 (base 5) to base 6.
-532
What is -5 (base 15) in base 8?
-5
-110111 (base 2) to base 5
-210
Convert 0 (base 8) to base 5.
0
Convert -35 (base 12) to base 9.
-45
What is -30 (base 7) in base 9?
-23
Convert 5 (base 12) to base 8.
5
Convert 0 (base 16) to base 6.
0
What is 425 (base 6) in base 4?
2201
-10 (base 4) to base 9
-4
443 (base 8) to base 15
146
What is 1 (base 4) in base 8?
1
-9 (base 12) to base 9
-10
-39 (base 13) to base 5
-143
Convert 3 (base 8) to base 10.
3
2020 (base 3) to base 5
220
Convert -121 (base 3) to base 2.
-10000
Convert -108 (base 16) to base 8.
-410
1 (base 4) to base 7
1
What is -100 (base 10) in base 13?
-79
Convert -a3 (base 12) to base 5.
-443
Convert -28 (base 10) to base 6.
-44
-260 (base 7) to base 11
-118
What is -124 (base 7) in base 16?
-43
-10000 (base 2) to base 12
-14
1 (base 9) to base 6
1
What is -3 (base 7) in base 10?
-3
Convert -4 (base 10) to base 6.
-4
What is -a1 (base 14) in base 2?
-10001101
22111 (base 3) to base 16
e5
What is -49 (base 10) in base 4?
-301
Convert 102 (base 4) to base 13.
15
-9 (base 10) to base 13
-9
Convert -a (base 14) to base 12.
-a
What is -14a (base 11) in base 7?
-340
Convert 122 (base 5) to base 6.
101
104 (base 6) to base 8
50
Convert -24 (base 9) to base 12.
-1a
-34 (base 6) to base 4
-112
Convert 21 (base 7) to base 8.
17
What is -11 (base 11) in base 13?
-c
What is -26 (base 12) in base 9?
-33
What is -c (base 14) in base 12?
-10
What is 2 (base 16) in base 14?
2
3131 (base 4) to base 16
dd
Convert 51 (base 10) to base 3.
1220
What is 42 (base 7) in base 14?
22
Convert 32 (base 5) to base 3.
122
Convert 83 (base 12) to base 16.
63
Convert 32 (base 6) to base 10.
20
Convert -9 (base 13) to base 3.
-100
Convert -4 (base 15) to base 4.
-10
What is -5 (base 7) in base 11?
-5
What is -126 (base 9) in base 4?
-1221
Convert -1002 (base 4) to base 13.
-51
Convert 0 (base 7) to base 5.
0
What is -2 (base 6) in base 7?
-2
Convert -134 (base 7) to base 3.
-2202
-10 (base 5) to base 6
-5
-3 (base 12) to base 5
-3
Convert -233 (base 6) to base 14.
-69
Convert 131 (base 4) to base 8.
35
Convert -7 (base 9) to base 3.
-21
Convert -2 (base 6) to base 11.
-2
-1 (base 12) to base 11
-1
Convert 4 (base 5) to base 13.
4
Convert 11 (base 12) to base 6.
21
Convert 0 (base 8) to base 12.
0
What is 12 (base 9) in base 3?
102
Convert 2001 (base 3) to base 9.
61
Convert -330 (base 6) to base 12.
-a6
7 (base 11) to base 10
7
Convert -2 (base 6) to base 9.
-2
Convert 11 (base 10) to base 11.
10
What is 202 (base 3) in base 14?
16
Convert 1 (base 11) to base 2.
1
What is -110 (base 3) in base 12?
-10
Convert 6 (base 15) to base 16.
6
-3 (base 5) to base 6
-3
What is 151 (base 6) in base 9?
74
What is 7 (base 15) in base 6?
11
Convert 2a (base 11) to base 16.
20
0 (base 12) to base 10
0
2 (base 11) to base 7
2
What is -a6 (base 12) in base 15?
-86
-4 (base 15) to base 2
-100
1000 (base 2) to base 16
8
Convert -101 (base 2) to base 6.
-5
Convert -14 (base 8) to base 6.
-20
What is 1121 (base 4) in base 13?
6b
What is 13c (base 14) in base 5?
2000
Convert -625 (base 8) to base 7.
-1116
Convert 3 (base 5) to base 7.
3
Convert -10 (base 9) to base 6.
-13
What is -25 (base 8) in base 14?
-17
Convert -9 (base 16) to base 12.
-9
-13 (base 5) to base 7
-11
Convert 5 (base 8) to base 11.
5
Convert -14 (base 6) to base 12.
-a
0 (base 5) to base 9
0
-80 (base 10) to base 5
-310
-13 (base 4) to base 11
-7
Convert -17 (base 14) to base 15.
-16
What is 7 (base 16) in base 14?
7
Convert -6 (base 8) to base 5.
-11
Convert 143 (base 7) to base 2.
1010000
What is 1 (base 13) in base 12?
1
-121 (base 4) to base 12
-21
Convert 1c (base 16) to base 5.
103
-533 (base 7) to base 6
-1125
-35 (base 10) to base 8
-43
1 (base 12) to base 7
1
What is -9 (base 13) in base 14?
-9
What is 87 (base 15) in base 12?
a7
What is -101111 (base 2) in base 3?
-1202
What is -3 (base 14) in base 4?
-3
Convert -1100 (base 2) to base 13.
-c
Convert 4 (base 14) to base 7.
4
0 (base 7) to base 10
0
3 (base 6) to base 7
3
102211 (base 3) to base 11
270
-1033 (base 5) to base 9
-168
Convert -d (base 14) to base 9.
-14
200 (base 5) to base 8
62
Convert -4 (base 8) to base 6.
-4
Convert -3 (base 11) to base 6.
-3
What is 3 (base 4) in base 5?
3
343 (base 5) to base 14
70
121 (base 6) to base 10
49
Convert 3 (base 10) to base 8.
3
What is 26 (base 10) in base 4?
122
Convert -9 (base 10) to base 12.
-9
-6 (base 12) to base 4
-12
-62 (base 13) to base 15
-55
Convert 12 (base 14) to base 3.
121
46 (base 15) to base 6
150
0 (base 13) to base 6
0
Convert 5d (base 16) to base 13.
72
What is 7 (base 11) in base 14?
7
What is 15 (base 10) in base 6?
23
Convert -21 (base 3) to base 14.
-7
Convert -9 (base 10) to base 6.
-13
10022 (base 3) to base 10
89
160 (base 15) to base 3
102200
What is -4 (base 14) in base 3?
-11
What is -49 (base 13) in base 7?
-115
Convert -3201 (base 4) to base 13.
-144
What is -302 (base 5) in base 4?
-1031
What is 24 (base 16) in base 4?
210
Convert 431 (base 8) to base 11.
236
What is -2 (base 15) in base 10?
-2
What is 0 (base 16) in base 14?
0
-2 (base 14) to base 16
-2
Convert -64 (base 15) to base 4.
-1132
Convert -2 (base 9) to base 3.
-2
-28 (base 10) to base 14
-20
What is -13 (base 4) in base 2?
-111
Convert -23 (base 12) to base 5.
-102
Convert 0 (base 3) to base 5.
0
-d8 (base 15) to base 11
-175
What is -6 (base 14) in base 16?
-6
What is 4 (base 12) in base 14?
4
Convert -124 (base 7) to base 8.
-103
Convert -4 (base 8) to base 12.
-4
-22 (base 7) to base 8
-20
-3 (base 16) to base 5
-3
What is -10 (base 9) in base 4?
-21
What is 10 (base 7) in base 8?
7
Convert -12 (base 10) to base 15.
-c
What is -3 (base 11) in base 5?
-3
-13 (base 12) to base 9
-16
What is 325 (base 6) in base 7?
236
Convert 3 (base 8) to base 16.
3
What is 3 (base 4) in base 3?
10
What is 5 (base 11) in base 10?
5
-3 (base 9) to base 13
-3
-3 (base 11) to base 5
-3
-13 (base 9) to base 6
-20
What is 17 (base 13) in base 11?
19
What is 4 (base 7) in base 5?
4
What is -3 (base 8) in base 15?
-3
Convert 0 (base 16) to base 6.
0
-54 (base 13) to base 4
-1011
Convert 25 (base 16) to base 6.
101
-122 (base 3) to base 6
-25
What is -1011 (base 2) in base 16?
-b
What is 2 (base 13) in base 14?
2
What is 108 (base 14) in base 15?
d9
What is 3 (base 15) in base 3?
10
Convert -8 (base 9) to base 7.
-11
Convert -10 (base 9) to base 11.
-9
What is 1ad (base 14) in base 8?
535
Convert -54 (base 8) to base 7.
-62
What is -33 (base 13) in base 5?
-132
Convert -8 (base 14) to base 16.
-8
Convert 71 (base 9) to base 3.
2101
Convert -9 (base 13) to base 12.
-9
Convert 114 (base 5) to base 4.
202
Convert -3 (base 4) to base 7.
-3
What is -19 (base 14) in base 4?
-113
-1 (base 16) to base 2
-1
What is -10 (base 4) in base 14?
-4
13 (base 9) to base 5
22
What is 2 (base 4) in base 6?
2
Convert 43 (base 11) to base 7.
65
Convert 1 (base 11) to base 15.
1
Convert 10 (base 13) to base 12.
11
What is 6 (base 12) in base 15?
6
Convert 354 (base 10) to base 16.
162
What is -1 (base 8) in base 14?
-1
What is -47 (base 8) in base 15?
-29
Convert 12 (base 13) to base 12.
13
Convert 2 (base 6) to base 11.
2
3 (base 15) to base 8
3
What is 35 (base 10) in base 14?
27
Convert -1333 (base 4) to base 10.
-127
-24 (base 8) to base 16
-14
Convert 1 (base 10) to base 6.
1
Convert -b (base 13) to base 3.
-102
-1 (base 16) to base 7
-1
Convert 1a (base 13) to base 12.
1b
3 (base 8) to base 6
3
100 (base 2) to base 9
4
-100011 (base 2) to base 7
-50
Convert 1 (base 2) to base 14.
1
-5 (base 12) to base 15
-5
15 (base 8) to base 13
10
Convert 0 (base 14) to base 11.
0
Convert -2333 (base 5) to base 10.
-343
1 (base 12) to base 8
1
What is 10 (base 6) in base 4?
12
Convert -36 (